n 150/(1 - (3 - 4)) is divided by 20?
15
Let y = 21 + 14. What is the remainder when y is divided by 9?
8
Suppose -23 = -2*y + 2*x + 13, 5*y + 2*x - 69 = 0. Suppose 2*h = -h + 126. Calculate the remainder when h is divided by y.
12
Let w(r) be the third derivative of r**6/120 - r**5/20 - r**4/24 + 2*r**3/3 - 3*r**2. What is the remainder when w(5) is divided by 13?
10
Suppose -5*z + 47 = -43. What is the remainder when 52 is divided by z?
16
Let n = 7 + -5. Suppose -26 + n = -2*p. Suppose 4*y + 0*y - p = 0. Calculate the remainder when y is divided by 2.
1
Let b be (0 + 6/(-4))*-2. Suppose -t - b = -6. What is the remainder when 5 is divided by t?
2
Let v(a) = a - 2. Suppose 3*t - 64 = -t. What is the remainder when 52 - (0 + -1*1) is divided by v(t)?
11
Suppose u + 3*u = 504. Let p = 214 - u. Suppose 0 = 3*l - 7*l + p. Calculate the remainder when 64 is divided by l.
20
Let o = 52 - 46. What is the remainder when o is divided by 2?
0
Suppose -3*a + 1 = -k - 2, 0 = -4*a - 3*k - 9. Suppose -3*w + 2*d + 32 = a, -3*w + d + 17 = -11. What is the remainder when 29 is divided by w?
5
Let t = 16 + 4. Let c(y) = -y**3 + 9*y**2 - 5*y - 1. What is the remainder when c(6) is divided by t?
17
Suppose 5*a - 480 = -3*y, 2*y + 470 = 5*a + 7*y. Calculate the remainder when a is divided by 34.
31
Suppose -5*r - 2*h + 30 = 0, -r + 3*h + 6 = -0*r. Suppose 7*m - r*m + 14 = 3*t, 2*t - 3*m = 0. What is the remainder when 22 is divided by t?
4
Let j(d) = -d**3 + 4*d**2 + 7*d + 8. Let w be j(6). Let v = -6 - w. What is the remainder when 31 is divided by v?
15
Calculate the remainder when 42 is divided by 12/(-16) - (-188)/16.
9
Suppose -375 = -3*s - 21. What is the remainder when s is divided by 30?
28
Let x be ((-3)/(-6))/((-2)/16). Suppose 0 = 3*m - 4*g - 8, -g = -5*m + 12 + 7. Calculate the remainder when (-3)/2*x*1 is divided by m.
2
Calculate the remainder when 5*1*(2 + 5) is divided by 13.
9
Let s(b) = -2*b - 1. Let u = -1 + -6. Let k be s(u). Calculate the remainder when 23 is divided by (-1)/2 + k/2.
5
Suppose 3 = -4*s + n, -n = -4*s - 5*n - 28. Let g(x) = -1 - 5*x - 2 - 6*x. Calculate the remainder when 37 is divided by g(s).
18
Calculate the remainder when (1 + -2)/(20/(-1040)) is divided by 9.
7
Let s = -2 + 1. Let w(l) = -35*l - 1. Let p be w(s). What is the remainder when p*(-3)/(-6)*1 is divided by 9?
8
Let h = -32 + 64. What is the remainder when h is divided by -34*(-3)/(-6)*-1?
15
Let w(x) = -x**2 - 5*x - 1. Let i be w(-5). Let p(z) = -z**2 - 11*z - 1. Calculate the remainder when (i + 36/16)*36 is divided by p(-8).
22
Let d be -3*2*(-1 - -2). Calculate the remainder when 29 is divided by (d/(-9))/((-2)/(-30)).
9
Let i = 22 + -11. Let m(f) = -2*f**2 + 3*f - 1. Let y be m(2). What is the remainder when 2*(y - -2) - -33 is divided by i?
9
Suppose -4*i = -5*m + 2 + 3, 0 = 3*i - 5*m + 5. Suppose 0 = 4*w + 8 - 24, 3*t - w - 26 = i. What is the remainder when t is divided by 6?
4
Let l(q) = q**3 + 9*q**2 + 9*q + 10. Calculate the remainder when 7 is divided by l(-8).
1
Let a(y) = y**2 - 2*y + 9. Suppose -r + 2 = -6. Let k be a(r). Suppose o + 0*x = x + 15, 4*o = x + k. What is the remainder when 41 is divided by o?
13
Let p = 29 + -14. Let m(u) = 1 + u**2 - 1 - 2*u. Calculate the remainder when p is divided by m(4).
7
Let q = 72 - 68. Calculate the remainder when 11 is divided by q.
3
Let d = 34 - 14. What is the remainder when d is divided by 7?
6
Suppose p - 105 = -4*p. Suppose -27 = -8*f + 21. Calculate the remainder when p is divided by f.
3
Let w(l) = -30*l - 4. Calculate the remainder when w(-2) is divided by 15.
11
Let q(a) = -a**3 - 15*a**2 - 5*a - 13. What is the remainder when q(-15) is divided by 13?
10
Suppose 0 = o + 5*m - 3, 0 = 5*o - 7*m + 2*m - 15. Suppose -3*a - 9 = 0, -t - a + 73 = o*t. Calculate the remainder when 54 is divided by t.
16
What is the remainder when 16 is divided by ((-16)/(-12))/(2/9)?
4
Let p = -145 - -238. What is the remainder when p is divided by 32?
29
Let x = -35 + 83. Calculate the remainder when x is divided by 18.
12
Suppose 5*l - 2*o + 3*o = 127, 12 = -4*o. What is the remainder when 74 is divided by l?
22
Let l be (-1)/2*4*-2. Suppose 0 + 3 = s, l*i = -s + 15. Let k = 16 - i. What is the remainder when 37 is divided by k?
11
What is the remainder when -2*(1 - 2) - (-84)/3 is divided by 8?
6
Let v = 11 + -6. Suppose 0*c - c = -5*h + v, -4*c + 26 = 3*h. Suppose 0*l + 13 = j - 3*l, 0 = -2*j - 4*l - 14. What is the remainder when h is divided by j?
0
Let o = 9 - 7. What is the remainder when 5 is divided by (-6)/(-1) + o + -4?
1
Let v = 0 + -4. Let c(p) = p**3 + 6*p**2 + 5*p + 4. Calculate the remainder when 47 is divided by c(v).
15
Suppose 5*k = 2*k + 24. Suppose q + 3*q = -k. Calculate the remainder when 28 is divided by (-1)/(q/24) + -2.
8
Calculate the remainder when (-2)/(-8) - 9156/(-48) is divided by 32.
31
Suppose -2*u - 4*v = -0*v - 10, 0 = 4*u - 4*v - 56. Calculate the remainder when 40 is divided by u.
7
Let v(i) = 2*i**3 + 2*i + 2. Let z be v(3). Suppose c - 3*m = 37, -3*c + 160 = 5*m + 7. What is the remainder when c is divided by 2/(-5) + z/5?
10
Suppose -34*l + 38*l - 140 = 0. What is the remainder when 136 is divided by l?
31
Let w(a) = a**3 + 16*a**2 + 11*a + 16. What is the remainder when w(-15) is divided by 13?
11
What is the remainder when 25 is divided by (-14)/(-1)*1/2?
4
Suppose 4*t + 190 = 514. Calculate the remainder when t is divided by 14.
11
Suppose -8 = -2*r - 2*n, 0 = r + n + 4*n - 12. Suppose 4*m - 3*v = 3*m + 38, -71 = -r*m + v. Let f = -11 + 30. Calculate the remainder when m is divided by f.
16
Let y(t) = t. Let o be ((-2)/3)/((-8)/36). Suppose 0 = -6*v + o*v + 12. Calculate the remainder when 11 is divided by y(v).
3
Let v be 60/(-14) - (-18)/63. Calculate the remainder when -20*2/(-4)*2 is divided by 132/8*v/(-6).
9
Let m = -75 + 90. Calculate the remainder when (-2)/7 - 296/(-7) is divided by m.
12
Suppose 5*r + 0*r + 2*n = 140, -r + 55 = -5*n. Suppose 2*f + 0*f = 0, -2*p - f = -r. Calculate the remainder when 28 is divided by p.
13
Let w = 160 - 101. Calculate the remainder when w is divided by 22.
15
Suppose 4 = -c - 0*c. Suppose -2*h = -0*h - 60. Calculate the remainder when h is divided by c/2 - (-18 - 0).
14
Let n be (1/2)/(3/30). Suppose a + 130 = n*o, 0 = 3*a - 0*a + 15. Calculate the remainder when o is divided by 13.
12
Let n be ((-12)/5)/(3/(-10)). Let i = 24 - n. What is the remainder when 31 is divided by i?
15
Suppose 0 = 3*y - 5*i - 44, 67 = 5*y - 3*i + i. Suppose y = p - w, -2*w + 20 = -6*w. What is the remainder when 55 is divided by 422/22 + p/(-44)?
17
Suppose 0 = 4*k + 33 - 133. Suppose 0*g - g + 49 = 0. Calculate the remainder when g is divided by k.
24
Let c = 85 - 80. Calculate the remainder when 59 is divided by c.
4
Suppose -z - 48 = -f - 2*z, 4*f + 3*z = 196. What is the remainder when f is divided by 14?
10
Suppose l - 28 = -0*l. What is the remainder when l is divided by (-2)/10 - (-153)/15?
8
Let x = 8 - 6. Suppose 4*o = -j - 3, 0 + 2 = -x*o. What is the remainder when (2/(-3))/((-2)/3) is divided by j?
0
Let l(z) = -z - 5. What is the remainder when 13 is divided by l(-13)?
5
Let f(b) be the third derivative of -2*b**2 + 5/24*b**4 + 0 + 0*b + 2/3*b**3. Calculate the remainder when f(5) is divided by 10.
9
Let m be ((-6)/5)/((-6)/40). Let h = m + -5. Calculate the remainder when h is divided by (-1)/(-5) + 28/10.
0
Suppose 3*d - 9 - 6 = 0. Let u = 12 - d. What is the remainder when u is divided by 2?
1
Let u(z) = 2*z**2 - 3*z - 17. What is the remainder when u(12) is divided by 34?
31
Let w(l) = 9*l**2 - 2*l - 1. Let p be -3*(-4)/(-36)*3. What is the remainder when 28 is divided by w(p)?
8
Suppose 0 = 5*t - 2*n + 107, -7*t + 3*t = -3*n + 87. Calculate the remainder when 50 is divided by (-267)/t + 6/21.
11
Suppose 2*i + 2*i = 60. Let m(z) be the second derivative of -7*z**5/5 - z**4/12 - z**3/6 + z. Calculate the remainder when m(-1) is divided by i.
13
Suppose 0*w = -2*w + 14. Let h = -3 + 5. What is the remainder when w is divided by h/(2 + -4)*-4?
3
Let f(s) = -7*s + 2. Let k(q) = q**2 + 11*q + 16. Let g be ((-3)/(-6))/((-2)/44). What is the remainder when f(-4) is divided by k(g)?
14
Let y(w) = -w - 21. Let l be y(0). Let r = 66 + -35. Let 